).
12
Suppose -7*f = 4*f - 319. Let x(o) = -o - 11 + 35*o**2 + f - 34*o**2. What is x(0)?
18
Let v(q) be the first derivative of 7*q**4/12 - q**2/2 - 5*q - 1. Let f(x) be the first derivative of v(x). Determine f(-1).
6
Suppose p - l + 6*l + 23 = 0, 5*p + 31 = -4*l. Let y be p/(-6)*0 + 4. Let q(m) = -4*m + 1 - 4 + 1 + 2*m**2. Determine q(y).
14
Let d(v) be the second derivative of 1/20*v**5 + 0 + 1/2*v**2 - 1/3*v**3 - 1/12*v**4 - v. Let j be 1*(7 + -4 + -2). Determine d(j).
-1
Let p be -2*(2 - 3 - -2). Let f be -3 - (2 - (-20)/p). Let h(t) = 3*t**2 - 16*t - 6. Let n(b) = -b**2 + 5*b + 2. Let m(l) = 2*h(l) + 7*n(l). Determine m(f).
-8
Let d(w) = -w - 17. Let l = -790 + 777. Calculate d(l).
-4
Let n(h) be the second derivative of -h**5/20 + 5*h**4/12 - 5*h**3/6 + 8*h**2 + 16*h + 3. Calculate n(5).
-9
Let a(h) = 2*h**3 - h**2 - 3*h - 14. Let x(r) = -r**3 + 3*r**2 + 2*r - 1. Let p(c) = a(c) + 3*x(c). Calculate p(8).
7
Let s(g) be the first derivative of -g**3/3 - g + 5. Let b be (-1 + 8/2)/((-15)/10). What is s(b)?
-5
Let x(f) = f**3 + 3*f**2 - 4*f - 4. Suppose 18*t - 15*t - 249 = 0. Let d = 79 - t. Calculate x(d).
-4
Let y(r) = 3*r - 2. Let j(p) = 5*p - 4. Let o(m) = 4*j(m) - 7*y(m). What is o(-6)?
4
Let f(v) = -v**3 + 5*v**2 + v - 4. Suppose 12*g + 15 - 75 = 0. Determine f(g).
1
Let c(q) = 3*q - 4. Suppose 2*n - 10 = 0, 2*n = d - 3*d + 166. Let a be ((-3)/4)/(3 - d/24). Calculate c(a).
5
Let b(g) = g**2 - 5*g. Let w = -57 - -14. Let t = 46 + w. Determine b(t).
-6
Let s(h) be the first derivative of -16*h**3/3 - h - 424. Suppose 4 = 7*a - 3*a. Calculate s(a).
-17
Suppose 6*q - 3*q + 16 = 5*t, -t - q = 0. Let a(o) = 2*o**3 - 2 + 4*o**3 + 4*o**2 + t*o - 7*o**3. Suppose 4 = 2*u - u. What is a(u)?
6
Let t(x) = -x + 1. Suppose l = -5*u + 44, u - 36 = -4*u + l. Suppose -2*w + 4*w = -u. Give t(w).
5
Let s(k) be the second derivative of k**6/120 - k**5/20 - k**4/6 - 5*k**3/6 + 9*k**2 + 27*k. Let f(n) be the first derivative of s(n). What is f(4)?
-5
Let q(d) be the third derivative of d**6/120 + 2*d**5/15 + d**4/24 + d**3/2 + 5*d**2. Let t(r) = r**3 + 10*r**2 + 4*r - 53. Let s be t(-9). Calculate q(s).
-5
Let s be (-567)/(-252)*4/(-3). Let v(k) = 2*k**2 + 2*k - 6. Calculate v(s).
6
Let s(l) = -l**3 + 5*l**2 + 2*l - 5. Let v be 8 - 10 - 2*1. Let t be (2 - 3)*(v + 2). Suppose -9 = -b - t*f, -2*b = -3*f - 2 - 2. Calculate s(b).
5
Let c(g) be the second derivative of -g**5/20 - g**4/6 + 2*g**3/3 + 3*g**2/2 - 7*g. Suppose -2*o - 4 = -0. Determine c(o).
-5
Let p(o) = -o - 6. Let l be (-4)/(3 + -7) - -3. Suppose -4*w + 40 = 4*z, -l*w - 20 + 6 = -5*z. Determine p(z).
-12
Let a(v) = v**2 - 5*v - 6. Let c(o) = 3*o + 53. Let t(g) = -2*g - 35. Let s(f) = 5*c(f) + 7*t(f). Let b be s(-14). Give a(b).
0
Let h(p) = p**2 - 13*p + 11. Let n be h(12). Let y be 1/((-2)/(-6)) + n. Let o(t) = 7*t - 3*t**y - 5*t**2 + 12 - 19 + t**3. What is o(7)?
-7
Let q(x) be the second derivative of -3*x**3/2 - 5*x**2/2 + 129*x. Determine q(4).
-41
Let w(r) = r**3 + 4*r**2 - 11*r + 9. Let f be w(-6). Let b = -2 - -4. Let g(y) = -y**b + y + 0*y**2 + 6*y**f - y**2. Calculate g(1).
5
Let d be 26/7 + 10/35. Suppose 0 = -d*u + 12 - 4. Let m(c) = -3 - 10*c**2 + c**3 + 2 + 11*c**u - c - 3*c**3. Give m(-1).
3
Let g(p) be the first derivative of -2*p**3/3 - 5*p**2/2 + 2*p - 75. What is g(-4)?
-10
Suppose 0*x = 2*x - 8. Let k(d) be the first derivative of -5/3*d**3 + 3/2*d**2 + 1/4*d**4 - 1 - 5*d. Give k(x).
-9
Let b(n) = -n**3 - 5*n**2 + 4*n + 5. Let k be b(-6). Let y = k + -13. Let j(z) = z**3 - 3*z**2 - 5*z + 1. Give j(y).
-3
Let a(g) = -g - 2*g - 5 - 2*g + 0*g - 26. Give a(-6).
-1
Suppose -b + 0 = 1, 0 = r - 2*b + 2. Let u(f) be the second derivative of -f**5/20 - 5*f**4/12 - f**3/3 + f**2/2 + 124*f. Determine u(r).
-7
Let t(z) be the first derivative of -z**4/4 + 7*z**3/3 - 3*z**2 + 8*z + 262. Suppose 1 = 5*a - 29. Determine t(a).
8
Suppose -4*j + 5*j = 3. Let x(k) = -3*k. Let t(g) = g - 1. Let w(l) = 4*t(l) + x(l). Determine w(j).
-1
Let g(m) be the first derivative of 4*m**2 + m - 69. Give g(-1).
-7
Let c(q) = -2*q - 8. Let k be 36/20*30/(-9). What is c(k)?
4
Let u(x) = -24*x - 17. Let o(b) = b + 3. Let s(d) = 6*o(d) + u(d). Determine s(-1).
19
Let g = 39 - 17. Let l = g - 21. Suppose 0 = 3*d - l - 17. Let y(n) = n**2 - 6*n + 1. Determine y(d).
1
Let y(q) = 3*q + 10. Let j be y(-2). Let s(n) = -3 - n - 2 + 3 + 3. Calculate s(j).
-3
Suppose -22*k + 65 = -35*k. Let c(p) = -6*p - 8. Calculate c(k).
22
Suppose -3*i + 7 = q + i, 3*i = -4*q + 15. Let u(b) be the first derivative of -b**q + 6*b**2 + 7 + b - 10*b**2 + 3*b**2 + 2*b**2. What is u(2)?
-7
Suppose -5*q - 20 = -55. Let b(m) = -q - m + 1 + 2*m**2 + 0 + 9*m. Calculate b(-6).
18
Suppose -763*b = -777*b + 56. Let s(j) = -3*j + 6. Determine s(b).
-6
Let l be (3 + -6)*(1 - 0). Let q(j) be the third derivative of -j**6/120 - j**5/60 + j**4/12 + j**3/3 - 43*j**2. Calculate q(l).
14
Let s(m) be the second derivative of m**4/6 - 4*m**3/3 - 2*m**2 + 119*m + 2. Determine s(4).
-4
Let n(v) = -v - 1. Suppose x + 3*u - 5 = 1, -2*u = 3*x - 18. Let s = -3 + x. Suppose 3*l + a + 5 = 0, -s*l + 9*a = 4*a - 25. Give n(l).
-1
Let u(p) = 2*p + 2*p**2 - 2 + 2 - 1. Let a be -6*((-90)/(-12) + -7). Give u(a).
11
Let r(g) = g**3 - 9*g**2 + 13*g - 9. Let i = 25 - 17. Calculate r(i).
31
Let g(t) = t + 7. Let c = 11 - 18. Let f be g(c). Let b(y) = -2 + 2*y + f*y - 12 - 3*y. Determine b(0).
-14
Let p(t) = t**2 + 12*t + 10. Let m(q) = q**2 + 21*q + 44. Let d be m(-18). Calculate p(d).
-10
Let x(m) = -4*m + 10. Let l = 671 + -677. Determine x(l).
34
Let k(v) = -v**2 + 2*v. Let d(b) = b**2 - 33*b + 88. Let a be d(30). Calculate k(a).
-8
Suppose 0 = 2*b + 6, 22 - 4 = z - 5*b. Let a(v) be the third derivative of -5/6*v**z + 0 - 1/60*v**5 + 8*v**2 + 0*v + 3/8*v**4. Determine a(5).
15
Suppose -7*f + 88 = -3*f. Let h(r) = 10*r - 16. Let n(g) = 2*g - 3. Let z(l) = f*n(l) - 4*h(l). Suppose 4*q = b + 2, 2*q - 7 = -3*b + 1. Give z(b).
6
Let v(o) = o. Let m(f) = 4*f + 3. Let n(g) = m(g) + 3*v(g). Give n(3).
24
Let k = 2747 + -2738. Let y(x) be the first derivative of -11/3*x**3 + 0*x**2 + x + k. Calculate y(-1).
-10
Let m(g) = -3*g - 18 + g - 19 + 40. Suppose 2 + 0 = q. Suppose -c + q = -1. Calculate m(c).
-3
Suppose l - 3*l - 3*j = 18, 5*l = -3*j - 36. Let s(b) = b**3 - 4 + 7*b**2 - 3 + 4*b + 0*b + 2*b. Give s(l).
-7
Let h(m) = -4*m + 12. Let c(i) = i - 1. Let f(q) = 3*c(q) + h(q). Give f(17).
-8
Let x(j) = -j + 1. Let s be 30/(-45)*(-3 + 0). Suppose z + 3*i = 6, z + i - 2 = s. Determine x(z).
-2
Let y(b) = -2 + 23*b + 1 - 6*b. Let d = 7 + -6. Determine y(d).
16
Let m(u) = -6*u**2 + u - 3. Let c(h) be the third derivative of -7*h**5/60 + h**4/24 - 2*h**3/3 + 4*h**2. Let w(z) = 5*c(z) - 6*m(z). Determine w(-2).
4
Suppose 0 = 33*d - 14*d. Let j(q) be the third derivative of 1/120*q**6 + 0*q - 8*q**2 + 0*q**5 + d*q**3 + 0 - 1/24*q**4. Determine j(-2).
-6
Let w(b) = -b**2 + 8*b - 6. Let c be w(6). Suppose 3*i = -c*i - 36. Let z(r) = -r**2 - r - 3. Give z(i).
-15
Let q(v) = v + 17. Let z be -13 + 14 - 34*1. Let p = -42 - z. Give q(p).
8
Let h(k) = -k + 2. Suppose -3*r + 2*v - 1 = 4, -10 = 5*r - 3*v. Let f be (35/r)/(1/1). Let s be (-1*1)/(f/(-35)). Determine h(s).
7
Let y be 4 + (-1)/(-2)*0. Let g(x) = -6 + 0 - 5*x + y*x. Let l = -8413 + 8409. Give g(l).
-2
Let a(t) = -t - 7 - 10*t + 12*t - 5*t + 28. What is a(6)?
-3
Let x be (-6)/(-12) + (-3)/(-2). Let c(u) = -12*u**2 + 7*u**2 + x*u - 16 - 7*u. Let v(p) = 2*p**2 + 2*p + 5. Let r(w) = 3*c(w) + 8*v(w). Calculate r(0).
-8
Let r(s) = -3*s - 22. Let b(j) = j**3 - 3*j**2 - 13*j + 6. Let x be b(5). Calculate r(x).
5
Let t(u) = -u**3 - 6*u**2 - 4*u + 5. Let m = 114 - 118. What is t(m)?
-11
Let v(x) = 2*x - 6. Let q be v(4). Let c(k) be the first derivative of -1/2*k**2 + 8 - q*k + 1/3*k**3. What is c(-2)?
4
Suppose 2*q - 4*w = 2, 44*q - w + 10 = 47*q. Let v(m) be the third derivative of -2/3*m**q + 1/24*m**4 - 7*m**2 + 0 + 0*m. Determine v(-3).
-7
Let g(l) = 4 - 2 - l**2 + 3*l**2 + 1 - 3*l**2. Let j = -2 + 5. Calculate g(j).
-6
Let n(j) = -j - 5. Let d be n(-7). Let i(f) = -2*f - 1 + f + 1 - f**d. Suppose -3*y + 4*l = 7, 0*y - 2*l = -3*y + 1. What is i(y)?
-12
Let u(s) = -1 - 4*s + 4 + 0. Let y(t) = 3*t - 7. Suppose 16 = -4*k, -4*f - k + 5*